105519?
9
What is the hundreds digit of 20414236?
2
What is the millions digit of 58304794?
8
What is the thousands digit of 72945857?
5
What is the tens digit of 721512150?
5
What is the units digit of 1179331814?
4
What is the millions digit of 1079363925?
9
What is the hundred millions digit of 565538418?
5
What is the thousands digit of 3126351544?
1
What is the ten thousands digit of 604658220?
5
What is the millions digit of 2102253015?
2
What is the thousands digit of 38797756?
7
What is the thousands digit of 45192920?
2
What is the ten thousands digit of 35626261?
2
What is the thousands digit of 5473973814?
3
What is the hundreds digit of 55489520?
5
What is the ten thousands digit of 804305411?
0
What is the hundred thousands digit of 36153992?
1
What is the units digit of 77677250?
0
What is the millions digit of 43071491?
3
What is the ten millions digit of 116047863?
1
What is the hundreds digit of 3013861402?
4
What is the thousands digit of 29129642?
9
What is the ten thousands digit of 48079623?
7
What is the hundred thousands digit of 17975281?
9
What is the units digit of 52995698?
8
What is the hundreds digit of 42369983?
9
What is the tens digit of 20214423?
2
What is the tens digit of 6921855982?
8
What is the billions digit of 1318204862?
1
What is the ten thousands digit of 67869873?
6
What is the ten thousands digit of 161546746?
4
What is the hundreds digit of 93854885?
8
What is the hundreds digit of 66710823?
8
What is the units digit of 555480619?
9
What is the ten millions digit of 89930955?
8
What is the thousands digit of 1241651574?
1
What is the thousands digit of 76592903?
2
What is the ten millions digit of 3284366883?
8
What is the hundreds digit of 378310035?
0
What is the ten thousands digit of 731416018?
1
What is the hundred millions digit of 244182111?
2
What is the units digit of 139316254?
4
What is the tens digit of 39667062?
6
What is the tens digit of 2425727085?
8
What is the hundreds digit of 265427122?
1
What is the hundreds digit of 506642185?
1
What is the hundred millions digit of 2027443197?
0
What is the units digit of 4659378167?
7
What is the hundreds digit of 1378419402?
4
What is the hundred millions digit of 911129429?
9
What is the hundreds digit of 102005328?
3
What is the hundred millions digit of 382191596?
3
What is the ten thousands digit of 273710976?
1
What is the millions digit of 825337933?
5
What is the hundred thousands digit of 32867719?
8
What is the ten millions digit of 119926393?
1
What is the tens digit of 56812259?
5
What is the hundred millions digit of 350416085?
3
What is the millions digit of 22005595?
2
What is the hundred millions digit of 1787427218?
7
What is the hundred thousands digit of 70229664?
2
What is the hundred thousands digit of 341900204?
9
What is the hundred thousands digit of 1081179418?
1
What is the ten millions digit of 232006796?
3
What is the ten thousands digit of 69602185?
0
What is the thousands digit of 833432156?
2
What is the tens digit of 39779479?
7
What is the ten thousands digit of 8384994?
8
What is the units digit of 813818035?
5
What is the millions digit of 97479218?
7
What is the hundred thousands digit of 1271196883?
1
What is the units digit of 93070099?
9
What is the millions digit of 58908038?
8
What is the hundreds digit of 2140778622?
6
What is the millions digit of 40753300?
0
What is the ten thousands digit of 458725912?
2
What is the hundreds digit of 94589924?
9
What is the hundreds digit of 4094516?
5
What is the units digit of 1305897068?
8
What is the hundred thousands digit of 36061624?
0
What is the hundred millions digit of 225452987?
2
What is the units digit of 5233729962?
2
What is the hundreds digit of 886196872?
8
What is the millions digit of 9071150?
9
What is the hundred thousands digit of 49587980?
5
What is the millions digit of 178443900?
8
What is the thousands digit of 11775040?
5
What is the ten thousands digit of 1278223?
7
What is the ten millions digit of 1764821052?
6
What is the hundred thousands digit of 202041556?
0
What is the hundreds digit of 302010508?
5
What is the hundred thousands digit of 430244549?
2
What is the tens digit of 37157624?
2
What is the hundreds digit of 71761882?
8
What is the units digit of 99298?
8
What is the hundred thousands digit of 1913397?
9
What is the millions digit of 56648377?
6
What is the hundreds digit of 179860145?
1
What is the tens digit of 3029881556?
5
What is the hundred thousands digit of 112502142?
5
What is the ten thousands digit of 2214874916?
7
What is the hundreds digit of 13894206?
2
What is the millions digit of 84603125?
4
What is the millions digit of 31578879?
1
What is the hundreds digit of 2212804220?
2
What is the thousands digit of 434807218?
7
What is the hundred thousands digit of 51697003?
6
What is the hundreds digit of 29182384?
3
What is the units digit of 21273825?
5
What is the tens digit of 28594126?
2
What is the hundred millions digit of 245652313?
2
What is the millions digit of 93889245?
3
What is the hundred millions digit of 716622571?
7
What is the units digit of 59175043?
3
What is the ten thousands digit of 477687085?
8
What is the ten thousands digit of 1466717831?
1
What is the hundreds digit of 3449501194?
1
What is the ten thousands digit of 1523064284?
6
What is the thousands digit of 69282533?
2
What is the ten millions digit of 262622035?
6
What is the millions digit of 334402469?
4
What is the tens digit of 53919372?
7
What is the millions digit of 1112695902?
2
What is the thousands digit of 696959690?
9
What is the billions digit of 3030542433?
3
What is the millions digit of 2440617155?
0
What is the millions digit of 50384799?
0
What is the tens digit of 5542062079?
7
What is the ten millions digit of 59160295?
5
What is the tens digit of 59636515?
1
What is the units digit of 574780257?
7
What is the ten thousands digit of 1039871997?
7
What is the hundreds digit of 20022930?
9
What is the hundred thousands digit of 123372513?
3
What is the tens digit of 89763344?
4
What is the millions digit of 14246124?
4
What is the hundreds digit of 888086411?
4
What is the hundred thousands digit of 401898527?
8
What is the thousands digit of 28310565?
0
What is the hundred millions digit of 249853071?
2
What is the tens digit of 346890548?
4
What is the units digit of 799722?
2
What is the ten thousands digit of 1021101346?
0
What is the units digit of 1800498632?
2
What is the millions digit of 20962467?
0
What is the ten millions digit of 131810551?
3
What is the ten millions digit of 1698857921?
9
What is the hundred thousands digit of 303481870?
4
What is the thousands digit of 4852770070?
0
What is the ten thousands digit of 2275867371?
6
What is the hundreds digit of 646655934?
9
What is the ten millions digit of 24865790?
2
What is the units digit of 43340764?
4
What is the units digit of 65431703?
3
What is the millions digit of 128115519?
8
What is the hundred millions digit of 2725268001?
7
What is the units digit of 52904870?
0
What is the hundred millions digit of 962020414?
9
What is the ten thousands digit of 2137979093?
7
What is the ten thousands digit of 213725322?
2
What is the ten millions digit of 1890093777?
9
What is the hundred thousands digit of 639339882?
3
What is the ten millions digit of 2698384481?
9
What is the units digit of 471719881?
1
What is the ten millions digit of 362111053?
6
What is the thousands digit of 455251275?
1
What is the hundred thousands digit of 263494853?
4
What is the tens digit of 138209402?
0
What is the thousands digit of 1287395350?
5
What is the units digit of 110416038?
8
What is the hundred millions digit of 195446038?
1
What is the tens digit of 407915380?
8
What is the units digit of 819871200?
0
What is the ten millions digit of 398801324?
9
What is the ten thousands digit of 35702971?
0
What is the ten millions digit of 1456279263?
5
What is the hundreds digit of 1963285154?
1
What is the ten thousands digit of 48277106?
7
What is the millions digit of 686908784?
6
What is the tens digit of 14999631?
3
What is the ten millions digit of 57836732?
5
What is the hundreds digit of 993141321?
3
What is the ten millions digit of 68059907?
6
What i